9a (base 12) to base 4
-102112012
-ab045 (base 13) to base 14
-80cb0
Convert -1044002233 (base 5) to base 13.
-636aa0
Convert -41423122 (base 6) to base 13.
-33073a
-13823 (base 16) to base 12
-3a2ab
What is -15741d (base 15) in base 3?
-1221200120101
What is 14320140321 (base 5) in base 9?
38524300
Convert -3a6c25 (base 14) to base 9.
-3713074
Convert 3054101 (base 6) to base 13.
520b7
Convert 6217345 (base 10) to base 6.
341132001
-1233300222 (base 5) to base 10
-3025062
Convert 13230504 (base 6) to base 3.
211022220211
What is 1210240 (base 6) in base 16?
f870
Convert -22124234 (base 5) to base 14.
-501c0
Convert 2b211 (base 14) to base 5.
11414143
-78639 (base 10) to base 11
-540a0
What is 51870 (base 10) in base 12?
26026
Convert 204232224 (base 5) to base 13.
23ab70
What is 45433610 (base 8) in base 7?
146451335
What is -133012031021 (base 4) in base 14?
-1122b33
Convert -250503 (base 14) to base 6.
-43105355
-21363101 (base 8) to base 10
-4580929
2314304 (base 5) to base 15
c5d9
Convert -ba467 (base 15) to base 13.
-179395
-744613 (base 9) to base 2
-1101100001001111001
-25f87 (base 16) to base 5
-14434102
What is -9430b4 (base 15) in base 10?
-7047169
Convert -10001110100010001 (base 2) to base 15.
-16952
What is 5419a5 (base 12) in base 5?
320032003
What is 120000001220 (base 3) in base 14?
79888
Convert 626362 (base 10) to base 11.
398660
Convert 1232221330 (base 4) to base 5.
104000434
249ed5 (base 16) to base 9
4457108
-809a61 (base 11) to base 3
-2110010112210
Convert -2a4ad (base 15) to base 7.
-1104454
What is -30315014 (base 6) in base 16?
-d34f2
Convert 4124104 (base 5) to base 10.
67404
-2251566 (base 8) to base 4
-2111031312
Convert -97aa18 (base 11) to base 4.
-11332130111
What is -10011001010100001000000 (base 2) in base 6?
-255402212
-908100 (base 11) to base 10
-1460228
Convert -26711 (base 8) to base 13.
-5448
What is 13200111213 (base 4) in base 6?
110100343
Convert -15241604 (base 7) to base 5.
-333040042
What is -102a41 (base 13) in base 10?
-377430
Convert -1111101000100001010 (base 2) to base 4.
-1331010022
What is -1556522 (base 8) in base 3?
-211212010000
Convert 130834 (base 10) to base 3.
20122110201
-34061444 (base 7) to base 4
-23101232222
Convert -32120321003 (base 4) to base 2.
-1110011000111001000011
What is -14627211 (base 9) in base 14?
-d7781a
What is 19681a (base 13) in base 5?
131033044
9a1d8 (base 15) to base 2
1110111100101001011
What is 6b592 (base 12) in base 11?
99420
3019117 (base 11) to base 9
11041065
-51023 (base 10) to base 5
-3113043
Convert -60881c (base 13) to base 8.
-10444067
What is d9a73 (base 14) in base 16?
80755
What is -1001012221100 (base 3) in base 10?
-555453
13673256 (base 9) to base 4
121313100021
What is 10331320122 (base 4) in base 6?
43523550
What is 10056803 (base 9) in base 5?
2213231144
What is 330201230 (base 5) in base 12?
581642
What is bc0737 (base 15) in base 2?
100010001100000011001100
10212440 (base 5) to base 9
140085
Convert 2a31a9 (base 11) to base 7.
4006160
What is -7088c (base 13) in base 14?
-53575
749a4 (base 14) to base 16
44cc4
Convert 2242010214 (base 5) to base 16.
4cc7fe
Convert -1030410021 (base 5) to base 2.
-1000011001010000111100
1110000100100011 (base 2) to base 16
e123
Convert -37640360 (base 8) to base 5.
-4113332241
4a9a2c (base 15) to base 10
3576417
Convert -11000110100011000111 (base 2) to base 4.
-3012203013
What is -37577a9 (base 11) in base 6?
-351510440
What is 8a6 (base 11) in base 16?
43c
1020222220101002 (base 3) to base 15
18bd31e
Convert 1315604 (base 8) to base 15.
73d47
What is -38db5 (base 16) in base 10?
-232885
Convert -35602531 (base 7) to base 8.
-14035135
-357509 (base 14) to base 11
-1037792
What is -3101634 (base 8) in base 6?
-25324512
Convert 115002320 (base 6) to base 3.
11010102202110
-141738 (base 13) to base 11
-304403
25796 (base 15) to base 9
202346
12542574 (base 8) to base 6
140025100
Convert -10001100100100110011011 (base 2) to base 6.
-242421431
What is 2b445 (base 12) in base 10?
61109
Convert -11822 (base 9) to base 8.
-17426
Convert -1203012 (base 6) to base 9.
-105208
-8caac (base 14) to base 11
-214254
What is 2203661 (base 7) in base 13?
96038
Convert 20011011211 (base 3) to base 7.
1013122
175a4d (base 16) to base 11
955934
-1222302 (base 5) to base 16
-5b9c
What is -173822 (base 9) in base 7?
-626243
What is -11101001110010100111 (base 2) in base 15?
-13db07
Convert 642440 (base 7) to base 3.
12122202022
Convert e1a41 (base 15) to base 3.
1100022000121
-11a949 (base 11) to base 6
-4024144
What is -22a65 (base 14) in base 3?
-11021201210
Convert 1769631 (base 10) to base 4.
12300002133
Convert 442344304 (base 5) to base 6.
105042520
What is -bc8c6 (base 13) in base 12?
-145b41
Convert 10000331001 (base 4) to base 12.
4290a9
Convert -78261 (base 14) to base 11.
-189986
Convert -10420151 (base 7) to base 10.
-895658
99930 (base 11) to base 4
203113212
What is 120001101202111 (base 3) in base 11?
4573967
Convert 220003003022 (base 4) to base 10.
10498250
-26b52b7 (base 13) to base 11
-6988351
Convert -81a29 (base 13) to base 8.
-705732
What is -18b95d (base 14) in base 2?
-11010110001001111111
Convert 54348 (base 15) to base 14.
6d61a
Convert 10502116 (base 7) to base 4.
3131300212
Convert -110201010202110 (base 3) to base 7.
-111256662
6224551 (base 7) to base 14
155bd1
What is -32303412 (base 5) in base 6?
-5523214
What is -1010011111101100001110 (base 2) in base 14?
-5188d8
-3551333 (base 6) to base 13
-66687
What is -830096 (base 13) in base 2?
-1011101010001000010110
Convert 4321401 (base 5) to base 10.
73351
What is -26747c (base 13) in base 10?
-930110
Convert 1001001000000001101 (base 2) to base 3.
120012011212
What is 10823 (base 13) in base 5?
1424232
-15438554 (base 9) to base 7
-122316541
1111001100001011001 (base 2) to base 15
9c738
What is 3b112 (base 16) in base 5?
30220223
378984 (base 11) to base 5
123104334
-45944 (base 10) to base 11
-31578
Convert -320031022 (base 4) to base 2.
-111000001101001010
What is -984519 (base 14) in base 3?
-100201010210212
Convert 480766 (base 10) to base 7.
4041436
Convert 2216661 (base 8) to base 4.
2101312301
What is 2b435 (base 14) in base 10?
107847
Convert -1fc5d6 (base 16) to base 6.
-112344034
11211000112002 (base 3) to base 8
11606302
Convert -1110110111101001000 (base 2) to base 9.
-822327
Convert c71934 (base 14) to base 3.
110122210012021
What is 744290 (base 10) in base 6?
23541442
Convert -11111 (base 3) to base 15.
-81
116459 (base 16) to base 15
177abb
What is 9889549 (base 10) in base 9?
20542817
Convert 101111010011101011001 (base 2) to base 14.
2c4d05
Convert -3313200220 (base 4) to base 9.
-1814604
Convert -2244150 (base 6) to base 10.
-114978
-b534aa (base 12) to base 5
-1212043342
Convert -3d646 (base 14) to base 12.
-7407a
3400043330 (base 5) to base 10
7424840
What is 37797 (base 16) in base 8?
673627
23202320030 (base 4) to base 8
13427014
12220100021020 (base 3) to base 5
1300330403
Convert 10110010111011100111 (base 2) to base 6.
23413023
Convert 9a3916 (base 12) to base 10.
2453346
What is 10000000000101100100 (base 2) in base 13?
154a53
Convert -3425600 (base 10) to base 5.
-1334104400
Convert -2001022210101 (base 3) to base 14.
-204bdc
What is 1002222002011 (base 3) in base 10?
589819
4954a7 (base 11) to base 8
2771575
What is -100100133 (base 4) in base 6?
-1232143
Convert 10aabb (base 15) to base 16.
c239f
-7135 (base 16) to base 9
-43671
What is bd39b (base 15) in base 11?
380a73
Convert -131152411 (base 7) to base 9.
-16686011
Convert -24a66 (base 12) to base 11.
-34546
Convert 3a1915 (base 11) to base 13.
191884
-109b36 (base 13) to base 9
-658043
What is -10001100011011110100011 (base 2) in base 13?
-c5174a
Convert -5425034 (base 10) to base 11.
-30759aa
-1066053 (base 7) to base 16
-20c07
Convert 6302340 (base 7) to base 5.
143212201
What is -21021000120 (base 3) in base 13?
-50073
-15284 (base 11) to base 8
-52176
What is -111001101011011000011 (base 2) in base 13?
-512348
Convert -acbe3 (base 16) to base 3.
-1022221120202
Convert -1133031 (base 8) to base 7.
-2424115
-10267060 (base 8) to base 6
-114543012
Convert 3799 (base 13) to base 11.
5a32
What is -3320320022 (base 4) in base 5?
-230110102
Convert 119b38 (bas